d q?
14
Let s be 130/(-15) + (-1)/3. Let b = s - -20. Suppose -2*q - 4*j + 242 = 0, -5*q - 6*j + 605 = -j. Calculate the highest common factor of b and q.
11
Suppose -12*h + 17*h - d - 748 = 0, -h + d + 148 = 0. Calculate the greatest common factor of 45 and h.
15
Let k = -64 - -113. Calculate the highest common divisor of 14 and k.
7
Suppose -5*n - 2*x + 640 = -4*x, 0 = -3*x. Let w = 26 - -6. What is the greatest common factor of n and w?
32
Let a be ((-48)/(-40))/(1/5). Suppose 5*h + 0 = -2*c + 1, -3*c - 3*h + a = 0. Suppose 0*u = c*u - 21. What is the greatest common factor of 21 and u?
7
Suppose 0 = 7*r - 157 - 1901. Calculate the highest common factor of r and 42.
42
Let v be (-1666)/(-105) + 2/15. Suppose -5*q = -5*x + v + 4, 5*q - 2*x = -35. Let a be (-5 - q)*(-50)/(-4). What is the greatest common divisor of 10 and a?
10
Let f(s) = -s**2 + s + 4. Let h be f(-4). Let r be (-172)/h - 2/(-8). Calculate the highest common factor of 1 and r.
1
Let c be (-2)/8 - 87/(-12). Suppose 4*u - 132 = -4*v, -5*u - v + 14 = -131. Calculate the greatest common factor of c and u.
7
Suppose 2*k = -8*k + 70. Suppose 2*m - 22 - k = 5*i, 2*i = -2. What is the highest common factor of m and 8?
4
Let h(l) = l - 2. Let c(v) = -3*v + 8. Let b(m) = -2*c(m) - 9*h(m). Let n be b(-2). Suppose p = 2*p - 20. Calculate the greatest common factor of p and n.
4
Let v(d) = d**3 + 10*d**2 - 2*d - 15. Let o be v(-10). Suppose 12 = -o*h + 637. Calculate the greatest common factor of h and 50.
25
Let h be -3*1 - (-20 + -9). Let x = h + -8. Let z = x - 8. What is the greatest common divisor of 50 and z?
10
Suppose -9*a + a = 48. Let r be 8/a*(-24)/8. Suppose d = 4*o - 134, -2*d = -4*d - r. Calculate the greatest common factor of 99 and o.
33
Suppose -5114*q + 90 = -5109*q. What is the greatest common divisor of q and 90?
18
Let w = -1974 + 1985. Calculate the greatest common divisor of w and 88.
11
Suppose 4*r - 4*w - 4 = 0, 3*r - w = 5*r - 5. Let n be (-2)/8*r*-4. Suppose -97 = z - 5*z - a, 0 = -n*z + a + 47. What is the highest common divisor of z and 3?
3
Let b be (-8 - (-300)/36)/((-2)/(-336)). Calculate the greatest common factor of b and 28.
28
Let a(f) = -5*f**2 - f + 4. Let n be a(2). Let b = 66 + n. What is the highest common factor of b and 12?
12
Let n(a) = 144*a - 773. Let m be n(6). What is the highest common factor of m and 39?
13
Suppose -2*i + 3*i = 10. Let q(d) = -4*d**2 + 5 + 11*d**3 - 1 - i*d**3 - 4*d. Let p be q(5). What is the highest common divisor of 36 and p?
9
Let u be 122 - 12/30*-5. Calculate the greatest common factor of u and 4.
4
Suppose -4 = -b + 305. Let v = b + -181. Calculate the greatest common factor of 32 and v.
32
Suppose -l = 2*l - 3*v - 171, -3*l = 3*v - 189. Suppose 3*m + 96 = 5*m. Suppose 0 = 5*c - 3*c - m. Calculate the greatest common divisor of l and c.
12
Let y(s) = s**3 - s**2 + s - 1. Let m be y(2). Let a = -57 - -62. Suppose a*n = -0 + 5. Calculate the highest common factor of n and m.
1
Let y be (-1)/((-9)/6 - -1). Suppose -2*b = y*b - 40. Let m(z) = z**3 + 37*z**2 + 70. Let c be m(-37). Calculate the highest common factor of c and b.
10
Suppose s - 2 = 10. Suppose 4*p + 49*v - 771 = 50*v, -2*p - v + 381 = 0. Calculate the greatest common factor of s and p.
12
Let h(o) = -5*o + 15. Let w = 16 + -27. Let l be h(w). Let z = -25 - -39. Calculate the greatest common divisor of z and l.
14
Let o(k) = -k**3 - 2*k**2 + 6*k + 6. Let j be o(-3). Let z be (1/(-3))/(1/(-27)). Let x be 141/9 - j/z. Calculate the highest common factor of 4 and x.
4
Let r(p) = -p**3 - p**2 + 7. Let w be r(0). Suppose -w*v = -3*v - 8. Suppose -2 = -3*y + 4. What is the highest common divisor of y and v?
2
Let c(a) = a**2 + 6*a - 59. Let x be c(-12). Let r(g) = 20*g**2 - 2. Let p be r(2). What is the highest common divisor of x and p?
13
Suppose -28*r = -266 - 154. What is the highest common divisor of 40 and r?
5
Let v be ((-12)/(-8))/((-1)/(-22)). Suppose 0 = 3*q + 2 + 7, -l + 3*q + 306 = 0. Calculate the greatest common divisor of v and l.
33
Suppose -4*d = 4*f - 236, -4*d + 0*d + 5*f = -191. Let m be 1*(-10)/65 + (-3514)/(-26). Calculate the greatest common divisor of m and d.
27
Let h = 4 - -59. Suppose 12*z + 6 - 102 = 0. Suppose -i = z*i - 81. Calculate the highest common factor of h and i.
9
Suppose 0 = -5*b + 36 + 24. Let t = 1247 + -1223. What is the highest common divisor of t and b?
12
Let i be (14 - 744/(-60))*(-680)/(-6). Calculate the highest common factor of i and 44.
44
Let n be -30*3/((-9)/4). Suppose -3*f + n = -2*f. Let w be -114*1/(-7) + (-66)/231. What is the greatest common factor of w and f?
8
Suppose 0 = -5*g + x + 167 + 132, -116 = -2*g + 4*x. Suppose -68 = -6*i + 4*i. Let n = g - i. Calculate the greatest common factor of n and 52.
26
Suppose 2*k - 4*g - 242 = 0, -5*g + 86 + 266 = 3*k. Suppose -636*q + 187 = -625*q. Calculate the highest common divisor of k and q.
17
Let u(j) = -608*j - 185. Let r be u(-4). What is the highest common factor of r and 42?
21
Let p(v) = 12*v - 4. Let x be p(-1). Let w be ((-39)/(-2))/(20/x - -2). What is the highest common factor of w and 286?
26
Let k = 112 - -64. Let t be (-1 + 0)/(-1 - 0). Suppose 5*f = -z + t, 4*z = -0*z - 4*f + 52. Calculate the greatest common divisor of z and k.
16
Let v be 256/6 - 4/6. Let h = v - 70. Let b be (h/21)/(2/(-6)). Calculate the greatest common factor of 4 and b.
4
Let x(i) = i**3 - i**2 + i + 4. Let c = 25 + -25. Let z be x(c). Let j be z/(-10) - (-4101)/15. Calculate the highest common factor of 39 and j.
39
Suppose -526 = -3*x - 16. What is the greatest common factor of x and 34?
34
Let x(n) = -n**3 - 2*n**2 + 52. Let v be x(0). Calculate the highest common factor of v and 286.
26
Let o(y) = 6*y**2 - 13*y - 42. Let n be o(-7). What is the greatest common divisor of n and 7?
7
Let u(r) = -4*r**3 + 3*r**2 + 2*r. Let x be u(-2). Let h = -32 + x. Calculate the greatest common factor of 20 and h.
4
Let p(l) = l**3 + 4*l**2 - 5*l + 3. Let y be p(-5). Suppose 16*n - 177 = -30*n - 13*n. What is the highest common divisor of y and n?
3
Let i = 15 - 11. Let h(l) = -9*l**2 - 1 + 3*l**2 + l**3 + i*l**2 + 2*l. Let t be h(2). What is the highest common factor of t and 12?
3
Suppose -l - 2*c + 257 = 0, 88 = l - 5*c - 176. What is the greatest common factor of 28 and l?
7
Suppose -4*a + 4 = 4*x, -a + 0*x = 5*x - 13. Let o(c) = -3*c. Let k be o(a). Let l be (-86)/(-6) + (-6)/(-9). What is the greatest common divisor of k and l?
3
Let m = 515 - 233. What is the highest common divisor of 18 and m?
6
Let t be (220 - 18) + 20/4. Calculate the highest common factor of 230 and t.
23
Let d = -294 + 319. What is the greatest common factor of d and 125?
25
Let i be 10/(-1 - 4) - 3*-1. Let n be -7*(-2)/14 - i*-43. What is the greatest common factor of 220 and n?
44
Let s = -4 - 0. Let b be s/14 - (-148)/28. Let h be (0 - -33) + -4 + -4. What is the highest common factor of h and b?
5
Let k(f) = -4*f**3 - f**2 + f. Let v be k(-1). Suppose -6*b = -b - 10, -5*b + 8 = -2*d. Let i be (-2)/(1*-2) + d. What is the highest common divisor of i and v?
2
Let t be (1 - (0 + 1)) + 5. Let u be 31/7 + 36/63. Suppose -3*k + 42 = u*h - 35, -t*k - 2*h + 122 = 0. Calculate the highest common factor of k and 36.
12
Let k = -340 - -494. What is the highest common divisor of k and 198?
22
Let d(c) be the third derivative of c**5/5 - c**3/6 + 12*c**2. Let u be d(1). What is the highest common factor of u and 1?
1
Suppose -2*u + 40 = 2*a, 23*a = 20*a + u + 76. Calculate the greatest common divisor of a and 246.
6
Let m(b) = b**3 + 47*b**2 + 90*b + 246. Let z be m(-45). Calculate the highest common factor of 287 and z.
41
Let o(h) = -2*h + 2. Let k be o(1). Suppose -7*r + 9*r + 6 = k. Let v = r - -30. What is the highest common divisor of v and 189?
27
Let h = -2269 + 2668. Calculate the highest common divisor of 38 and h.
19
Suppose -3*a + 3*i = -3, 7*a - 1 = 2*a + i. Suppose 245 = -a*u + 5*u. What is the greatest common factor of u and 392?
49
Suppose 862 = 23*z - 12. What is the highest common factor of z and 456?
38
Let w be 0 + -1 + (-5)/(-1). Suppose 48 = w*j + c - 132, -j = -2*c - 36. What is the greatest common divisor of j and 11?
11
Let x be (-81)/(-18)*2/(-3). Let z be x - 3/((-6)/26). Let w = -268 